{"id":6,"date":"2011-05-07T09:26:29","date_gmt":"2011-05-07T09:26:29","guid":{"rendered":"http:\/\/fewo-niemtsch.de\/wordpress\/?page_id=6"},"modified":"2019-08-16T19:23:27","modified_gmt":"2019-08-16T19:23:27","slug":"galerie","status":"publish","type":"page","link":"http:\/\/fewo-niemtsch.de\/index.php\/galerie\/","title":{"rendered":"Belegungsplan"},"content":{"rendered":"<p>Werfen Sie ein Blick in unseren Belegungsplan. Hier k\u00f6nnen Sie direkt sehen<br \/>\nob Ihr Wunschtermin noch frei verf\u00fcgbar ist. Nat\u00fcrlich k\u00f6nnen Sie uns auch<br \/>\neine Anfrage \u00fcber unser <strong><a href=\"https:\/\/www.webplanner.de\/tools\/?\">Kontaktformular<\/a>&nbsp;<\/strong>schicken.<iframe loading=\"lazy\" name=\"webplanner2442\" width=\"100%\" frameborder=\"0\" height=\"710\" src=\"https:\/\/www.webplanner.de\/tools\/?6c35373735307039306534\"><\/iframe><script type=\"text\/javascript\" src=\"https:\/\/www.webplanner.de\/tools\/js\/446-2442.js\"><\/script><\/p>\n","protected":false},"excerpt":{"rendered":"<p>Werfen Sie ein Blick in unseren Belegungsplan. Hier k\u00f6nnen Sie direkt sehen ob Ihr Wunschtermin noch frei verf\u00fcgbar ist. Nat\u00fcrlich k\u00f6nnen Sie uns auch eine Anfrage \u00fcber unser Kontaktformular&nbsp;schicken.<\/p>\n","protected":false},"author":1,"featured_media":0,"parent":0,"menu_order":3,"comment_status":"closed","ping_status":"open","template":"","meta":[],"_links":{"self":[{"href":"http:\/\/fewo-niemtsch.de\/index.php\/wp-json\/wp\/v2\/pages\/6"}],"collection":[{"href":"http:\/\/fewo-niemtsch.de\/index.php\/wp-json\/wp\/v2\/pages"}],"about":[{"href":"http:\/\/fewo-niemtsch.de\/index.php\/wp-json\/wp\/v2\/types\/page"}],"author":[{"embeddable":true,"href":"http:\/\/fewo-niemtsch.de\/index.php\/wp-json\/wp\/v2\/users\/1"}],"replies":[{"embeddable":true,"href":"http:\/\/fewo-niemtsch.de\/index.php\/wp-json\/wp\/v2\/comments?post=6"}],"version-history":[{"count":30,"href":"http:\/\/fewo-niemtsch.de\/index.php\/wp-json\/wp\/v2\/pages\/6\/revisions"}],"predecessor-version":[{"id":362,"href":"http:\/\/fewo-niemtsch.de\/index.php\/wp-json\/wp\/v2\/pages\/6\/revisions\/362"}],"wp:attachment":[{"href":"http:\/\/fewo-niemtsch.de\/index.php\/wp-json\/wp\/v2\/media?parent=6"}],"curies":[{"name":"wp","href":"https:\/\/api.w.org\/{rel}","templated":true}]}}

<p>Werfen Sie ein Blick in unseren Belegungsplan. Hier können Sie direkt sehen<br />
ob Ihr Wunschtermin noch frei verfügbar ist. Natürlich können Sie uns auch<br />
eine Anfrage über unser <strong><a href="https://www.webplanner.de/tools/?">Kontaktformular</a>&nbsp;</strong>schicken.<iframe loading="lazy" name="webplanner2442" width="100%" frameborder="0" height="710" src="https://www.webplanner.de/tools/?6c35373735307039306534"></iframe><script type="text/javascript" src="https://www.webplanner.de/tools/js/446-2442.js"></script></p>

<p>Werfen Sie ein Blick in unseren Belegungsplan. Hier können Sie direkt sehen ob Ihr Wunschtermin noch frei verfügbar ist. Natürlich können Sie uns auch eine Anfrage über unser Kontaktformular&nbsp;schicken.</p>
